ts digit of q(-4)?
3
What is the ten thousands digit of (9/(27/(-13411)))/(1/(-3))?
1
Let a(w) = 17*w**3 + 42*w**2 + 9*w - 11. What is the thousands digit of a(5)?
3
Let a(d) = d**3. Let i(z) = 10*z**3 - z**2 - 9*z + 24. Let n(w) = -4*a(w) + i(w). What is the tens digit of n(5)?
0
What is the hundreds digit of (-40680)/(-16)*((-16)/28 - 186/(-105))?
0
Let t be 0/1*(-14 + 15). Suppose 42 = 4*l + 3*v - 186, t = 3*l - 5*v - 200. What is the units digit of l?
0
Let q = -148 + 144. Let j be (5 + 25/(-3))/(q/6). Suppose m - 121 - 40 = -y, -3*y + 475 = -j*m. What is the tens digit of y?
6
Suppose 2*q = 2*i + 23300, 25*i - 18*i - 58214 = -5*q. What is the ten thousands digit of q?
1
Let t be (7 - (-57)/(-9))/(4/30). Suppose 188 = a - l, l - 732 = -t*a + a. What is the tens digit of a?
8
Suppose 4*k + j - 3783 = 0, 689 = k - j - 253. Let l = k + -146. What is the units digit of l?
9
Suppose 19*u - 15 = 23. Suppose 0 = -u*c + 2*r + 332, -r + 8 - 13 = 0. What is the hundreds digit of c?
1
Suppose -t + i + 3773 - 174 = 0, -3*t + 10803 = 3*i. Suppose -33*n + 24*n + t = 0. What is the units digit of n?
0
Suppose -z = 4*u + 2, 8*z - 3*z + 5*u = 5. Let y be (-48)/(-5) + z - 8/(-20). Suppose 1186 = y*o - 14. What is the units digit of o?
0
Let p = 41350 + -27002. What is the units digit of p?
8
Let a be (-96 - -8)*(0 + 26/(-8)). Suppose 5379 = 11*d - a. What is the units digit of d?
5
Let d = 26803 + -13293. What is the ten thousands digit of d?
1
Suppose 0 = -4*m - 20, m = 5*x - 99 - 101. Suppose x = j + 5*o, 2*j - 3*j - o = -55. Let n = j - 3. What is the tens digit of n?
5
Let n(p) = 3*p**3 + 3*p**2 - 4*p - 6. Let h = -36 - -30. Let b be ((-1)/4)/(h/72). What is the units digit of n(b)?
0
Suppose j - 14 = -1. Let v(o) = o**3 - 24*o**2 + 127*o + 8. Let h be v(8). Suppose -3*s + 254 + j = h. What is the units digit of s?
9
Let u be ((-14)/(-4))/(-9*(-8)/(-432)). What is the hundreds digit of (-210)/120*(u - -1)*17?
5
Let x be (244/3)/((-7)/(-21)). Let y = x - 123. What is the units digit of y?
1
Let p = -183 - -175. Let i = p + 180. What is the hundreds digit of i?
1
What is the tens digit of -6 - (-92)/16*(218 - 6)?
1
Let o be (-18)/15*5 - -662. Suppose 3*r - 780 = -3*v, -4*r = -3*v - 806 - 255. Suppose 0*y = 2*b + y - r, 2*y - o = -5*b. What is the tens digit of b?
3
Let n(f) = -f**3 - 57*f**2 + 372*f - 124. What is the ten thousands digit of n(-67)?
1
Let x(h) = 8*h - 3*h + 38 - 48. What is the tens digit of x(5)?
1
Let h = -332 + 329. What is the tens digit of 39/117 + (-1871)/h?
2
Suppose -84*l - 181223 = -87*l + 5*h, -2*l + h + 120799 = 0. What is the ten thousands digit of l?
6
Let h(g) = -g**3 + 2*g**2 + 2*g + 1. Let t be h(2). Suppose -t*u + 2*i = -0*i, -u + 2*i = 8. What is the tens digit of (508/24)/(u/12)?
2
Let g = 3507 + 451. What is the thousands digit of g?
3
Let j(v) = 9*v**3 + 2*v**2 - v. Let b = 43 + -49. Let d = 8 + b. What is the units digit of j(d)?
8
Let a = -2978 - -5167. Suppose -3*g + a = 281. What is the units digit of g?
6
Let c be (-10107)/(-39) - 2 - 4/26. Suppose -8*d - 1049 = -c. What is the units digit of 1*6/1*(-759)/d?
6
Let t(f) = 110*f**2 - 12*f - 2. Let d be t(2). Suppose -289 = -3*w + k + 992, w + 4*k - d = 0. What is the units digit of w?
6
Suppose -c - 8 = y - 9, -5*y = c - 13. Suppose 9*g - 5*g - 1407 = -y*a, g = 2*a + 338. What is the tens digit of g?
4
Let r(x) = -x - 38. Let p be r(-6). Let u = p - -49. Suppose -u = 5*q - 172. What is the tens digit of q?
3
Suppose 0 = 6*j + 801 - 7959. Suppose j - 242 = 3*v. What is the tens digit of v?
1
Let a = -101 - -47. Let p = a - -57. Suppose 5*u = x - 101, u - p*u = -4*x + 350. What is the tens digit of x?
8
Let v(b) = 88*b**2 - 50*b - 429. What is the tens digit of v(-9)?
4
Let m = 77 - 73. Suppose -55*x + 56*x - m*v = 732, -2*v = 3*x - 2168. What is the hundreds digit of x?
7
Suppose -j = 6*j - 105. Let o be 9/j - 298/5. Let u = 4 - o. What is the tens digit of u?
6
Suppose -627*m + 669*m = 22722. What is the units digit of m?
1
Let m(u) = u**3 - 11*u**2 + 6. Suppose -38 + 5 = -3*r. Let o be m(r). Suppose 2*y + 184 = o*y. What is the tens digit of y?
4
Let c(g) = -143*g - 1141. What is the hundreds digit of c(-34)?
7
Suppose 2*h = -3*h + 2*z - 37, 0 = 3*h - 2*z + 19. Let p(v) = -42*v**2 + 12*v + 45*v**2 + 10 + 10. What is the tens digit of p(h)?
5
Let r be (-1 - -1)/((-174)/(-29)). Suppose -5*p - 82 = -m, p - 5*p - 16 = r. What is the units digit of m?
2
Suppose -4*v + 8 = 0, 1160 + 66 = 4*k + 5*v. Suppose -440 = -5*z - 4*y, 7 = -2*y - 3. Suppose k = 4*i - z. What is the tens digit of i?
9
What is the units digit of 83673/2 - ((-7)/(-10) - (-37)/(-185))?
6
What is the tens digit of 5364 + (-28)/7 + 6?
6
Let c = -140 - -75. Let w = -61 - c. Suppose 4*p = w*x - 2*x - 80, 4*p = -4*x + 208. What is the tens digit of x?
4
Let u(r) be the third derivative of 5*r**4/4 + 21*r**3 + 5*r**2 + 3*r. What is the tens digit of u(14)?
4
Suppose -3*p + n + 109 = 0, -2*p + 3*n = 7*n - 82. Suppose 45 = 2*a - p. What is the tens digit of a?
4
Suppose 3*b = 4*k - 29, 5*k - 7*k - 2*b + 4 = 0. What is the tens digit of 7 + 480/k - -8?
1
Let u = 107 + -99. Suppose -u*d - 4*d + 5736 = 0. What is the tens digit of d?
7
Let i(t) = -2*t - 3. Let a(q) = -q - 2. Let s(g) = -13*a(g) + 6*i(g). Let b be s(-10). What is the tens digit of (b/(-5))/((-11)/(-660))?
2
Let m(z) = -z**3 + 13*z**2 + 28*z + 35. Let j be m(15). Suppose 0 = -j*v + 10, 5*g - g - 5*v = 494. What is the units digit of g?
6
Let q(m) = 2*m**2 - 17*m - 19. Let b be q(21). Let d = b + -465. What is the units digit of d?
1
Let t(u) = u**3 + 87*u**2 - 188*u - 262. What is the tens digit of t(-89)?
2
Suppose 1581 = -11*z + 336 - 449. Let o = -342 + 778. Let s = z + o. What is the tens digit of s?
8
Suppose 4*n + 13186 = 2*k + 3*n, n + 26374 = 4*k. What is the tens digit of k?
9
Suppose 0 = -2*x + 3*f + 13870, -4*f = 4*x - 7*f - 27746. What is the thousands digit of x?
6
Let h = 13629 + -8572. What is the hundreds digit of h?
0
Let w(i) = -2*i**3 - 3*i**2 + 2*i + 5. Let l(t) = -t**2 + 10*t - 12. Let o be l(9). What is the tens digit of w(o)?
2
Let r = 33 + -27. What is the tens digit of r*(-6)/12 + 199*3?
9
Suppose 3*c - 78710 = m + 63726, 2*m + 189916 = 4*c. What is the thousands digit of c?
7
Let s = -82 + 52. Let g = s - -39. Suppose -504 - 135 = -g*o. What is the units digit of o?
1
Suppose -2*w = -4*b + w - 11, -3*b + 4*w - 17 = 0. Suppose -16*c = 12*c - 644. Suppose 6*k = b + c. What is the units digit of k?
4
Let z = 68573 + -26824. What is the hundreds digit of z?
7
Let f = -1365 + 22311. What is the tens digit of f?
4
What is the tens digit of (-36 - -148)/(-4*(-2)/192)?
8
What is the tens digit of ((-11601)/36 + 2)/(3/(-32))?
1
Suppose 34990 = 99*i - 89*i. What is the thousands digit of i?
3
Let v = 419 + -416. What is the units digit of 185/10*(v + 7)?
5
Let x(b) = b**2 - 5*b + 6. Suppose 3*v - 8 + 30 = -q, -4*q - 25 = 3*v. What is the units digit of x(v)?
0
Let z = -12 + 12. Let m be (-54)/36*(0 + 2). What is the tens digit of (z + -18)*(m - -1)?
3
Suppose 719 - 37 = 2*d. Suppose 2*n = -c + 6*n + d, n - 664 = -2*c. What is the hundreds digit of c?
3
Let o be 8/(-10) + (-112)/40*-11. Let v(h) = -23*h. Let m be v(-3). What is the tens digit of 75/o*(m - (-1 + 2))?
7
Suppose -5*t = -3*h - 36445, 0 = 53*t - 53*t + 3*h. What is the thousands digit of t?
7
Suppose -12*f + 17*f - 4*r - 46546 = 0, 0 = 4*f - r - 37228. What is the hundreds digit of f?
3
Let n(r) = 9*r**3 - 23*r**2 + 26*r - 6. Let m(q) = -11*q**2 + 1 - 4 + 14*q**3 + 13*q - 10*q**3. Let u(x) = 5*m(x) - 2*n(x). What is the units digit of u(5)?
7
Suppose 108419 + 231765 = 52*h. What is the hundreds digit of h?
5
Let a(f) = 72035*f - 1392. What is the ten thousands digit of a(1)?
7
Suppose -2*c - 98 - 204 = -j, j + c = 317. Suppose 0 = -l - 4*k + 205, 116 + j = 2*l - k. What is the hundreds digit of l?
2
Suppose 0 = -4*f - n + 5*n - 3060, 0 = -4*f - 4*n - 3068. Let i = f + -1126. What is the tens digit of i/(-22) + (-4 - 0)?
8
Let t be (13 + -2)/(4 + -3). Suppose -2*y = -5*y - 4*m - 1, y + 4*m + t = 0. Suppose -3*p - o + 84 = 2*o, -4*p + 148 = -y*o. What is the units digit of p?
2
Suppose 2*j + 2*c = -2*c + 40, -5*c = 0. Let w be (-48)/(-20) - (-12)/j. Suppose 2*r - 5*d -